 276 and 5532.
12
Calculate the highest common factor of 717120 and 300.
60
What is the highest common factor of 195 and 17055?
15
What is the greatest common factor of 10920 and 1884?
12
Calculate the highest common factor of 394034 and 33442.
1454
Calculate the highest common factor of 108 and 19143.
27
Calculate the highest common factor of 2555 and 3465.
35
What is the highest common divisor of 2011996 and 181?
181
What is the greatest common divisor of 7380 and 2370?
30
What is the highest common divisor of 126015 and 1626?
813
What is the highest common factor of 2706 and 32010?
66
Calculate the highest common factor of 22876 and 18088.
532
What is the highest common factor of 544 and 5338?
34
What is the highest common divisor of 92 and 716036?
92
Calculate the highest common divisor of 921 and 153193.
307
What is the greatest common factor of 1893 and 483?
3
Calculate the greatest common factor of 184 and 22520.
8
Calculate the highest common divisor of 2303 and 235.
47
What is the greatest common divisor of 120 and 30672?
24
Calculate the greatest common divisor of 167153 and 14.
7
What is the highest common divisor of 158 and 86?
2
Calculate the greatest common divisor of 105 and 78.
3
What is the greatest common factor of 216 and 9128?
8
Calculate the highest common divisor of 2685994 and 303.
101
Calculate the greatest common factor of 3132036 and 1444.
1444
Calculate the greatest common factor of 12247 and 259.
37
Calculate the greatest common divisor of 442992 and 528.
528
Calculate the greatest common divisor of 332 and 4079948.
332
What is the highest common factor of 39810 and 1110?
30
Calculate the highest common factor of 212408 and 56.
56
Calculate the greatest common factor of 350 and 5222.
14
What is the highest common factor of 316 and 93694?
158
What is the greatest common factor of 5115 and 35464?
341
Calculate the greatest common divisor of 215360 and 10.
10
What is the highest common divisor of 742256 and 80?
16
Calculate the greatest common factor of 27594 and 70007.
511
Calculate the highest common factor of 19329 and 102.
51
Calculate the highest common divisor of 18 and 3898188.
18
What is the highest common divisor of 642 and 3810056?
214
What is the highest common divisor of 16052 and 26?
2
Calculate the highest common factor of 3660 and 19581.
183
Calculate the greatest common divisor of 142 and 212858.
142
What is the greatest common divisor of 1936 and 2908?
4
Calculate the greatest common divisor of 1467 and 50041.
163
Calculate the highest common divisor of 3289 and 174823.
253
What is the highest common factor of 26 and 101764?
26
Calculate the greatest common divisor of 116 and 64902.
58
What is the greatest common divisor of 973991 and 316?
79
Calculate the greatest common factor of 258 and 5807838.
258
What is the highest common factor of 70 and 12190?
10
Calculate the highest common divisor of 8 and 380296.
8
What is the greatest common factor of 646 and 302651?
323
What is the highest common factor of 918 and 15648?
6
Calculate the greatest common factor of 4 and 1450322.
2
What is the greatest common divisor of 165859 and 61?
61
Calculate the greatest common divisor of 79410 and 120.
30
What is the greatest common divisor of 39329 and 67?
67
Calculate the greatest common factor of 51 and 621163.
17
What is the greatest common divisor of 9500 and 90000?
500
Calculate the highest common divisor of 1273 and 9405.
19
What is the highest common factor of 1836 and 525164?
68
What is the greatest common divisor of 123588 and 468?
36
What is the greatest common factor of 78834 and 18?
6
Calculate the greatest common divisor of 905219 and 21.
7
What is the highest common factor of 200 and 13550?
50
What is the highest common factor of 108295 and 847?
121
Calculate the highest common factor of 84 and 58002.
42
What is the highest common divisor of 23 and 33051?
23
Calculate the highest common divisor of 158 and 671974.
158
What is the highest common factor of 60 and 76872?
12
What is the greatest common divisor of 369 and 97263?
9
What is the highest common divisor of 63249 and 174?
87
Calculate the greatest common divisor of 2689003 and 298.
149
Calculate the highest common divisor of 9234 and 3534.
114
Calculate the highest common factor of 5692 and 66.
2
Calculate the greatest common factor of 17447 and 2993.
73
What is the greatest common divisor of 68326 and 30734?
254
Calculate the highest common factor of 1848 and 238788.
132
What is the greatest common divisor of 72 and 1043226?
18
What is the highest common divisor of 3404 and 26788?
148
What is the greatest common factor of 573474 and 44?
22
Calculate the highest common divisor of 236 and 419372.
236
Calculate the highest common factor of 2331 and 10521.
63
Calculate the highest common divisor of 7 and 208523.
7
What is the greatest common factor of 48 and 50736?
48
What is the highest common factor of 1400 and 45160?
40
What is the greatest common factor of 11985 and 1326?
51
What is the greatest common factor of 4846 and 22?
2
Calculate the highest common divisor of 219 and 1165883.
73
What is the highest common factor of 35800 and 150?
50
What is the greatest common divisor of 153024 and 1104?
48
What is the greatest common factor of 584 and 37376?
584
What is the greatest common factor of 27636 and 2679?
141
Calculate the highest common divisor of 70240 and 1080.
40
What is the greatest common factor of 1300 and 3146?
26
What is the highest common factor of 52402 and 2394?
266
What is the greatest common factor of 884058 and 2910?
582
Calculate the greatest common factor of 450 and 19590.
30
What is the highest common divisor of 8784 and 18849?
183
Calculate the highest common factor of 2005 and 1956078.
401
What is the greatest common factor of 54234 and 524?
262
What is the highest common factor of 5908 and 162048?
844
Calculate the greatest common factor of 1352295 and 405.
405
What is the greatest common divisor of 232 and 20329?
29
What is the highest common divisor of 538242 and 9810?
654
Calculate the greatest common divisor of 5899238 and 2108.
1054
What is the highest common divisor of 14972 and 304?
76
Calculate the highest common divisor of 3 and 5081865.
3
What is the greatest common divisor of 137 and 4886927?
137
What is the highest common factor of 1977671 and 193?
193
What is the greatest common divisor of 174 and 9192362?
58
Calculate the greatest common divisor of 126 and 483.
21
Calculate the highest common factor of 4182195 and 15.
15
What is the highest common divisor of 29559 and 8791?
59
Calculate the highest common divisor of 4760 and 145350.
170
What is the greatest common factor of 282588 and 36?
12
What is the highest common factor of 6 and 51549?
3
What is the highest common factor of 52418 and 32?
2
What is the greatest common factor of 78 and 7059?
39
What is the highest common factor of 6672443 and 206?
103
Calculate the highest common divisor of 120 and 117240.
120
Calculate the greatest common divisor of 29 and 86101.
29
What is the greatest common divisor of 60 and 238395?
15
Calculate the greatest common divisor of 4180304 and 8.
8
Calculate the highest common divisor of 234552 and 29928.
696
What is the highest common divisor of 448 and 285488?
112
What is the greatest common divisor of 581542 and 26?
26
What is the highest common factor of 12172 and 272?
68
Calculate the greatest common divisor of 1296 and 121932.
108
Calculate the highest common divisor of 5992 and 896.
56
Calculate the greatest common divisor of 877269 and 372.
93
Calculate the greatest common factor of 20 and 541460.
20
What is the greatest common divisor of 817 and 6631?
19
What is the greatest common divisor of 1880 and 100?
20
What is the highest common factor of 61209 and 513?
27
Calculate the greatest common factor of 40220 and 40.
20
Calculate the greatest common divisor of 1132303 and 292.
73
What is the greatest common divisor of 9996475 and 185?
185
Calculate the greatest common factor of 30675 and 1025.
25
What is the highest common factor of 1062 and 1746?
18
What is the highest common divisor of 715 and 2365?
55
What is the greatest common divisor of 741521 and 11?
11
What is the highest common factor of 148841 and 385?
77